e thousands digit of 17683?
7
What is the tens digit of 938?
3
What is the ten thousands digit of 14431?
1
What is the thousands digit of 8807?
8
What is the tens digit of 12290?
9
What is the units digit of 26637?
7
What is the hundreds digit of 482?
4
What is the tens digit of 8030?
3
What is the tens digit of 1734?
3
What is the thousands digit of 11438?
1
What is the tens digit of 65?
6
What is the thousands digit of 9921?
9
What is the units digit of 9009?
9
What is the hundreds digit of 814?
8
What is the hundreds digit of 93053?
0
What is the hundreds digit of 303?
3
What is the tens digit of 110?
1
What is the hundreds digit of 7806?
8
What is the thousands digit of 5451?
5
What is the units digit of 6400?
0
What is the tens digit of 3130?
3
What is the tens digit of 14016?
1
What is the thousands digit of 5710?
5
What is the thousands digit of 52037?
2
What is the ten thousands digit of 65239?
6
What is the units digit of 5232?
2
What is the units digit of 5187?
7
What is the units digit of 35863?
3
What is the ten thousands digit of 31888?
3
What is the tens digit of 2842?
4
What is the ten thousands digit of 36305?
3
What is the units digit of 133?
3
What is the thousands digit of 2740?
2
What is the thousands digit of 4102?
4
What is the units digit of 12633?
3
What is the thousands digit of 51592?
1
What is the hundreds digit of 7855?
8
What is the units digit of 10328?
8
What is the thousands digit of 54624?
4
What is the hundreds digit of 4528?
5
What is the units digit of 2142?
2
What is the tens digit of 3208?
0
What is the ten thousands digit of 25243?
2
What is the units digit of 61381?
1
What is the units digit of 1083?
3
What is the units digit of 110?
0
What is the thousands digit of 12741?
2
What is the units digit of 25542?
2
What is the thousands digit of 47175?
7
What is the tens digit of 7178?
7
What is the units digit of 9?
9
What is the units digit of 4314?
4
What is the thousands digit of 96375?
6
What is the hundreds digit of 8162?
1
What is the hundreds digit of 9856?
8
What is the thousands digit of 23279?
3
What is the units digit of 4729?
9
What is the tens digit of 46518?
1
What is the thousands digit of 2747?
2
What is the units digit of 1789?
9
What is the tens digit of 2662?
6
What is the units digit of 1092?
2
What is the hundreds digit of 1011?
0
What is the ten thousands digit of 84609?
8
What is the tens digit of 9758?
5
What is the units digit of 7698?
8
What is the hundreds digit of 1012?
0
What is the units digit of 606?
6
What is the tens digit of 17?
1
What is the thousands digit of 2146?
2
What is the thousands digit of 2579?
2
What is the units digit of 964?
4
What is the units digit of 3833?
3
What is the tens digit of 2162?
6
What is the hundreds digit of 1403?
4
What is the tens digit of 470?
7
What is the thousands digit of 3629?
3
What is the ten thousands digit of 28623?
2
What is the tens digit of 44630?
3
What is the ten thousands digit of 38933?
3
What is the tens digit of 65831?
3
What is the ten thousands digit of 47172?
4
What is the tens digit of 5108?
0
What is the tens digit of 12883?
8
What is the tens digit of 15910?
1
What is the units digit of 69795?
5
What is the hundreds digit of 3243?
2
What is the thousands digit of 2586?
2
What is the hundreds digit of 1056?
0
What is the ten thousands digit of 27359?
2
What is the thousands digit of 9356?
9
What is the tens digit of 3105?
0
What is the units digit of 57477?
7
What is the tens digit of 877?
7
What is the thousands digit of 5346?
5
What is the hundreds digit of 73107?
1
What is the hundreds digit of 18754?
7
What is the thousands digit of 1156?
1
What is the units digit of 208?
8
What is the units digit of 26?
6
What is the hundreds digit of 14222?
2
What is the hundreds digit of 3505?
5
What is the hundreds digit of 379?
3
What is the tens digit of 964?
6
What is the units digit of 74888?
8
What is the tens digit of 78500?
0
What is the tens digit of 9971?
7
What is the hundreds digit of 19425?
4
What is the tens digit of 18330?
3
What is the tens digit of 10897?
9
What is the thousands digit of 19045?
9
What is the units digit of 1903?
3
What is the units digit of 812?
2
What is the tens digit of 7146?
4
What is the units digit of 2795?
5
What is the hundreds digit of 978?
9
What is the ten thousands digit of 41031?
4
What is the tens digit of 2003?
0
What is the tens digit of 26214?
1
What is the tens digit of 1302?
0
What is the tens digit of 848?
4
What is the hundreds digit of 57964?
9
What is the tens digit of 712?
1
What is the units digit of 2070?
0
What is the tens digit of 69?
6
What is the units digit of 34055?
5
What is the thousands digit of 4934?
4
What is the thousands digit of 8959?
8
What is the units digit of 8227?
7
What is the ten thousands digit of 26095?
2
What is the units digit of 7117?
7
What is the units digit of 14139?
9
What is the units digit of 2554?
4
What is the hundreds digit of 1409?
4
What is the tens digit of 1775?
7
What is the hundreds digit of 12872?
8
What is the tens digit of 2724?
2
What is the units digit of 1363?
3
What is the hundreds digit of 829?
8
What is the hundreds digit of 1218?
2
What is the units digit of 1440?
0
What is the units digit of 11506?
6
What is the units digit of 1?
1
What is the thousands digit of 2296?
2
What is the thousands digit of 75354?
5
What is the thousands digit of 11137?
1
What is the tens digit of 10137?
3
What is the hundreds digit of 2993?
9
What is the tens digit of 2257?
5
What is the thousands digit of 16652?
6
What is the hundreds digit of 44708?
7
What is the hundreds digit of 8245?
2
What is the hundreds digit of 57309?
3
What is the units digit of 3500?
0
What is the tens digit of 2726?
2
What is the units digit of 1423?
3
What is the thousands digit of 11496?
1
What is the units digit of 15748?
8
What is the tens digit of 15661?
6
What is the units digit of 2956?
6
What is the thousands digit of 59224?
9
What is the hundreds digit of 2747?
7
What is the tens digit of 461?
6
What is the tens digit of 16141?
4
What is the thousands digit of 5904?
5
What is the units digit of 980?
0
What is the thousands digit of 7262?
7
What is the units digit of 4588?
8
What is the hundreds digit of 59132?
1
What is the hundreds digit of 1208?
2
What is the hundreds digit of 668?
6
What is the units digit of 34888?
8
What is the ten thousands digit of 15031?
1
What is the tens digit of 75?
7
What is the units digit of 10171?
1
What is the tens digit of 31548?
4
What is the units digit of 1340?
0
What is the units digit of 46984?
4
What is the hundreds digit of 1739?
7
What is the tens digit of 7577?
7
What is the tens digit of 38321?
2
What is the tens digit of 1405?
0
What is the tens digit of 821?
2
What is the units digit of 26996?
6
What is the tens digit of 718?
1
What is the hundreds digit of 783?
7
What is the units digit of 2937?
7
What is the units digit of 438?
8
What is the tens digit of 8853?
5
What is the ten thousands digit of 19334?
1
What is the tens digit of 3129?
2
What is the tens digit of 4898?
9
What is the ten thousands digit of 144413?
4
What is the hundreds digit of 27684?
6
What is the tens digit of 34419?
1
What is the hundreds digit of 7963?
9
What is the thousands digit of 6074?
6
What is the tens digit of 3638?
3
What is the ten thousands digit of 29100?
2
What is the tens digit of 2687?
8
What is the ten thousands digit of 70893?
7
What is the units digit of 11083?
3
What is the units digit of 2085?
5
What is the hundreds digit of 1582?
5
What is the tens digit of 15272?
7
What is the units digit of 26048?
8
What is the hundreds digit of 925?
9
What is the hundreds digit of 3779?
7
What is the thousands digit of 1502?
1
What is the ten thousands digit of 21001?
2
What is the tens digit of 101336?
3
What is the hundreds digit of 2220?
2
What is the hundreds digit of 26964?
9
What is the units digit of 45298?
8
What is the units digit of 1140?
0
What is the hundreds digit of 13789?
7
What is the units digit of 23578?
8
What is the thousands digit of 17412?
7
What is the hundreds digit of 82748?
7
What is the tens digit of 5164?
6
What is the tens digit of 80091?
9
What is the tens digit of 1822?
2
What is the hundreds 